{"id":203,"date":"2017-09-19T10:24:05","date_gmt":"2017-09-19T10:24:05","guid":{"rendered":"https:\/\/kulturzentrum-altstadt.de\/?page_id=203"},"modified":"2021-03-25T10:48:55","modified_gmt":"2021-03-25T10:48:55","slug":"frank-loebsches-haus","status":"publish","type":"page","link":"https:\/\/kulturzentrum-altstadt.de\/?page_id=203","title":{"rendered":"Frank-Loebsches Haus"},"content":{"rendered":"<div class=\"v_fliesstext\">\n<p>Der Ausschuss Frank-Loebsches-Haus f\u00fchrt, nach der Vereinsfusion, innerhalb des Vereins KuZ Altstadt die Arbeit des ehemaligen Vereins der Freunde des Frank-Loebschen-Hauses weiter. Dabei wird sowohl der Geschichte des Hauses als auch der Leistung, der B\u00fcrgerinnen und B\u00fcrger, die zur Sanierung des Hauses beigetragen haben, Rechnung getragen. Zielsetzung ist es, sowohl einen Beitrag zur Erhaltung des Hauses und seiner Dauerausstellung zu leisten, als auch \u00fcber Veranstaltungen zu einem, der Geschichte des Hauses verpflichteten, historischen Bewusstsein und zu einer freien und offenen Gesellschaft beizutragen. Der Ausschuss organisiert hierzu regelm\u00e4\u00dfig Vortragsveranstaltungen, Lesungen, Ausstellungen und Konzerte. So zum Beispiel eine musikalisch umrahmte Lesung aus dem Buch \u00bbDer Stolperstein\u00ab mit den Autoren Rudi Raab und Julie Freestone und den Musikern Rebecca Rust und Friedrich Edelmann. Aber auch Vortr\u00e4ge zu gesellschaftspolitisch relevanten Themen und Fragestellungen. Aktuell bereitet der Ausschuss, in Kooperation mit dem Verein \u00bbStrieffler Haus der K\u00fcnste e.V.\u00ab, eine Ausstellung zum Werk des Landauer Fotografen Karlheinz Schmeckenbecher vor. Sowohl die passive Unterst\u00fctzung, als auch die aktive Mitarbeit innerhalb des Ausschusses sind jederzeit m\u00f6glich und uns herzlich willkommen. Informationen zum Haus und der Sanierung finden Sie weiter unten auf dieser Seite. Informationen zu den \u00d6ffnungszeiten und den Besuchsm\u00f6glichkeiten der st\u00e4ndigen Ausstellung, sowie zu F\u00fchrungen finden Sie auf den Seiten des B\u00fcros f\u00fcr Tourismus der Stadt Landau.<\/p>\n<p>Das dreigeschossige Anwesen Kaufhausgasse 9 weist mit einzelnen Bauelementen bis in das 15. Jahrhundert zur\u00fcck.<\/p>\n<p>Wie Baufugen erkennen lassen, ist im darauffolgenden Jahrhundert in die Bausubstanz nachhaltig eingegriffen worden, was ein Zusammenwachsen zu einem geschlossenen Baukomplex mit fast quadratischem Grundriss zur Folge hatte. In diese Umbauphase ist auch der Renaissance-Treppenturm mit seinen f\u00fcr die Stilepoche typischen, aufsteigenden Fenstern einzuordnen.<\/p>\n<p>Sieht man von der barocken Brunnen-Zutat von 1698 ab, so hat die Festungszeit der Stadt Landau (1688 &#8211; 1871)\u00a0 kaum Spuren an dem Vier-Fl\u00fcgel-Bau mit seinem malerischen Arkadenhof hinterlassen. Zu baulichen Ver\u00e4nderungen des Hauses ist es dann erst wieder um 1850 gekommen.<\/p>\n<p>Ein letzter nachhaltiger und bedeutsamer Eingriff ist durch die neue Zweckbestimmung notwendig geworden. In den Jahren 1983 bis 1987 wurde der gesamte Baukomplex umfassend saniert und restauriert.<\/p>\n<p>Die Geschichte des Hauses als Wirtschaft und Herberge ist mit den unter sich verwandten Landauer B\u00fcrgergeschlechtern Kempf, Stiehler, Geropp und Schneider eng verkn\u00fcpft. Seit 1601 bis weit in das 19. Jahrhundert besa\u00dfen diese Familie die Wirtschaft \u201eZur Blum\u201c.<\/p>\n<p><strong>1870<\/strong> Verkauf des Anwesens durch den Gutsbesitzer Georg Friedrich Schneider f\u00fcr 16.000 Gulden an den Niederhochstadter Zacharias Frank. Der Besitz umfasst das dreist\u00f6ckige Wohnhaus mit drei Kellern, drei St\u00e4llen, mit Hof, Brunnen und Fasslager.<\/p>\n<p><strong>1884<\/strong> Nach dem Tod von Zacharias Frank (27. Juli) geht der Besitz an seine Witwe Babette als Allein\u00aderbin \u00fcber.<\/p>\n<p><strong>1891<\/strong> Am 10. Oktober stirbt Babette Frank. Nun besitzen die acht Kinder das Haus in Erbengemeinschaft. Jedoch lebt nur die Tochter Sophie, die Witwe des Landauer Bankiers Leo Loeb, in ihrer Heimatstadt. Michael Frank, einer ihrer Br\u00fcder, ist Kaufmann in Frankfurt. Dessen Sohn Otto ist der Vater der Anne Frank.<\/p>\n<p><strong>1901<\/strong> \u00dcbergang des Anwesens in den Alleinbesitz von Sophie Loeb, geborene Frank.<\/p>\n<p>\u00a0<\/p>\n<\/div>\n\n\t\t<style type=\"text\/css\">\n\t\t\t#gallery-1 {\n\t\t\t\tmargin: auto;\n\t\t\t}\n\t\t\t#gallery-1 .gallery-item {\n\t\t\t\tfloat: left;\n\t\t\t\tmargin-top: 10px;\n\t\t\t\ttext-align: center;\n\t\t\t\twidth: 33%;\n\t\t\t}\n\t\t\t#gallery-1 img {\n\t\t\t\tborder: 2px solid #cfcfcf;\n\t\t\t}\n\t\t\t#gallery-1 .gallery-caption {\n\t\t\t\tmargin-left: 0;\n\t\t\t}\n\t\t\t\/* see gallery_shortcode() in wp-includes\/media.php *\/\n\t\t<\/style>\n\t\t<div id='gallery-1' class='gallery galleryid-203 gallery-columns-3 gallery-size-thumbnail'><dl class='gallery-item'>\n\t\t\t<dt class='gallery-icon portrait'>\n\t\t\t\t<a href='https:\/\/kulturzentrum-altstadt.de\/wp-content\/uploads\/2017\/09\/1912_blum.jpg'><img loading=\"lazy\" decoding=\"async\" width=\"150\" height=\"150\" src=\"https:\/\/kulturzentrum-altstadt.de\/wp-content\/uploads\/2017\/09\/1912_blum-150x150.jpg\" class=\"attachment-thumbnail size-thumbnail\" alt=\"\" \/><\/a>\n\t\t\t<\/dt><\/dl><dl class='gallery-item'>\n\t\t\t<dt class='gallery-icon landscape'>\n\t\t\t\t<a href='https:\/\/kulturzentrum-altstadt.de\/wp-content\/uploads\/2017\/09\/1962_01.jpg'><img loading=\"lazy\" decoding=\"async\" width=\"150\" height=\"150\" src=\"https:\/\/kulturzentrum-altstadt.de\/wp-content\/uploads\/2017\/09\/1962_01-150x150.jpg\" class=\"attachment-thumbnail size-thumbnail\" alt=\"\" \/><\/a>\n\t\t\t<\/dt><\/dl><dl class='gallery-item'>\n\t\t\t<dt class='gallery-icon portrait'>\n\t\t\t\t<a href='https:\/\/kulturzentrum-altstadt.de\/wp-content\/uploads\/2017\/09\/beguinehaus.jpg'><img loading=\"lazy\" decoding=\"async\" width=\"150\" height=\"150\" src=\"https:\/\/kulturzentrum-altstadt.de\/wp-content\/uploads\/2017\/09\/beguinehaus-150x150.jpg\" class=\"attachment-thumbnail size-thumbnail\" alt=\"\" \/><\/a>\n\t\t\t<\/dt><\/dl><br style=\"clear: both\" \/>\n\t\t<\/div>\n\n<div class=\"v_fliesstext\">\n<p><strong>1927<\/strong> Olga Loeb, die 1876 geborene Tochter von Leo und Sophie Loeb, erbt den Besitz. Sie findet im M\u00e4rz 1939 bei Verwandten in Luxemburg ein Unterkommen. Von dort wird sie am 6.4.1943 nach Theresienstadt deportiert. Sie \u00fcberlebt und geht wieder nach Luxemburg, seelisch gebrochen.<\/p>\n<p><strong>1938<\/strong> Die Stadt verhandelt \u00fcber den Erwerb des historisch wertvollen Geb\u00e4udes, sieht dann jedoch von einem Ankauf ab.<\/p>\n<p><strong>1940<\/strong> Am 22. Oktober 1940 werden die 23 in das Haus eingewiesenen Juden in das Lager Gurs und andere Lager abtransportiert.<br \/>ab 1945 In den urspr\u00fcnglich drei Wohnungen sind in den ersten Nachkriegsjahren zehn Familien untergebracht, eine Notma\u00dfnahme, die den baulichen Zustand des Geb\u00e4udes stark beeintr\u00e4chtigt.<\/p>\n<p><strong>1951<\/strong> Nach dem Tod von Olga Loeb (15. September 1946) geht das Anwesen als deren Verm\u00e4chtnis an Juliane Haentzschel \u00fcber, die es in den folgenden Jahren der Stadt wiederholt zum Ankauf anbietet. Vom Landesamt f\u00fcr Denkmalpflege werden bereits 1951 dringende Reparatur- und Restaurierungsarbeiten finanziert.<\/p>\n<p><strong>1952<\/strong> Das Landesamt f\u00fcr Denkmalpflege schl\u00e4gt vor, das Haus auf Grund seines &#8220;historischen Wertes&#8221; unter Denkmalschutz zu stellen. Dies wird jedoch erst 1981 realisiert.<\/p>\n<p><strong>1959<\/strong> Am 1. September geht das Haus in st\u00e4dtischen Besitz \u00fcber. Pl\u00e4ne, hier das Heimatmuseum unterzubringen, werden nicht verwirklicht. Dabei kommt es auch zu \u00dcberlegungen, dem Geb\u00e4ude den Namen &#8220;Anne-Frank-Haus&#8221; zu geben und eine Dokumentationsst\u00e4tte zur Geschichte der Landauer j\u00fcdischen Gemeinde einzurichten.<\/p>\n<p><strong>1965 &#8211; 1969<\/strong> Dacherneuerung und Sanierungsarbeiten am Treppenturm unter finanzieller Mithilfe des Landesamtes f\u00fcr Denkmalpflege.<\/p>\n\n\t\t<style type=\"text\/css\">\n\t\t\t#gallery-2 {\n\t\t\t\tmargin: auto;\n\t\t\t}\n\t\t\t#gallery-2 .gallery-item {\n\t\t\t\tfloat: left;\n\t\t\t\tmargin-top: 10px;\n\t\t\t\ttext-align: center;\n\t\t\t\twidth: 33%;\n\t\t\t}\n\t\t\t#gallery-2 img {\n\t\t\t\tborder: 2px solid #cfcfcf;\n\t\t\t}\n\t\t\t#gallery-2 .gallery-caption {\n\t\t\t\tmargin-left: 0;\n\t\t\t}\n\t\t\t\/* see gallery_shortcode() in wp-includes\/media.php *\/\n\t\t<\/style>\n\t\t<div id='gallery-2' class='gallery galleryid-203 gallery-columns-3 gallery-size-thumbnail'><dl class='gallery-item'>\n\t\t\t<dt class='gallery-icon landscape'>\n\t\t\t\t<a href='https:\/\/kulturzentrum-altstadt.de\/wp-content\/uploads\/2017\/09\/FLH-025-1979.jpg'><img loading=\"lazy\" decoding=\"async\" width=\"150\" height=\"150\" src=\"https:\/\/kulturzentrum-altstadt.de\/wp-content\/uploads\/2017\/09\/FLH-025-1979-150x150.jpg\" class=\"attachment-thumbnail size-thumbnail\" alt=\"\" aria-describedby=\"gallery-2-259\" \/><\/a>\n\t\t\t<\/dt>\n\t\t\t\t<dd class='wp-caption-text gallery-caption' id='gallery-2-259'>\n\t\t\t\tLandau, Frank-L\u009absches Haus 1979\ncopyright by Karlheinz Schmeckenbecher\n\t\t\t\t<\/dd><\/dl><dl class='gallery-item'>\n\t\t\t<dt class='gallery-icon portrait'>\n\t\t\t\t<a href='https:\/\/kulturzentrum-altstadt.de\/wp-content\/uploads\/2017\/09\/FLH-024-1979.jpg'><img loading=\"lazy\" decoding=\"async\" width=\"150\" height=\"150\" src=\"https:\/\/kulturzentrum-altstadt.de\/wp-content\/uploads\/2017\/09\/FLH-024-1979-150x150.jpg\" class=\"attachment-thumbnail size-thumbnail\" alt=\"\" aria-describedby=\"gallery-2-258\" \/><\/a>\n\t\t\t<\/dt>\n\t\t\t\t<dd class='wp-caption-text gallery-caption' id='gallery-2-258'>\n\t\t\t\tLandau &#8211; Frank-L\u009absches Haus &#8211; 1979\ncopyright by Karlheinz Schmeckenbecher\n\t\t\t\t<\/dd><\/dl><dl class='gallery-item'>\n\t\t\t<dt class='gallery-icon landscape'>\n\t\t\t\t<a href='https:\/\/kulturzentrum-altstadt.de\/wp-content\/uploads\/2017\/09\/FLH-018-1979.jpg'><img loading=\"lazy\" decoding=\"async\" width=\"150\" height=\"150\" src=\"https:\/\/kulturzentrum-altstadt.de\/wp-content\/uploads\/2017\/09\/FLH-018-1979-150x150.jpg\" class=\"attachment-thumbnail size-thumbnail\" alt=\"\" aria-describedby=\"gallery-2-257\" \/><\/a>\n\t\t\t<\/dt>\n\t\t\t\t<dd class='wp-caption-text gallery-caption' id='gallery-2-257'>\n\t\t\t\tLandau, Frank-L\u009absches Haus 1979\ncopyright by Karlheinz Schmeckenbecher\n\t\t\t\t<\/dd><\/dl><br style=\"clear: both\" \/><dl class='gallery-item'>\n\t\t\t<dt class='gallery-icon landscape'>\n\t\t\t\t<a href='https:\/\/kulturzentrum-altstadt.de\/wp-content\/uploads\/2017\/09\/FLH-009-1977.jpg'><img loading=\"lazy\" decoding=\"async\" width=\"150\" height=\"150\" src=\"https:\/\/kulturzentrum-altstadt.de\/wp-content\/uploads\/2017\/09\/FLH-009-1977-150x150.jpg\" class=\"attachment-thumbnail size-thumbnail\" alt=\"\" aria-describedby=\"gallery-2-256\" \/><\/a>\n\t\t\t<\/dt>\n\t\t\t\t<dd class='wp-caption-text gallery-caption' id='gallery-2-256'>\n\t\t\t\tLandau, Fank-L\u009absches Haus 1977\ncopyright by Karlheinz Schmeckenbecher\n\t\t\t\t<\/dd><\/dl><dl class='gallery-item'>\n\t\t\t<dt class='gallery-icon portrait'>\n\t\t\t\t<a href='https:\/\/kulturzentrum-altstadt.de\/wp-content\/uploads\/2017\/09\/FLH-004-1977.jpg'><img loading=\"lazy\" decoding=\"async\" width=\"150\" height=\"150\" src=\"https:\/\/kulturzentrum-altstadt.de\/wp-content\/uploads\/2017\/09\/FLH-004-1977-150x150.jpg\" class=\"attachment-thumbnail size-thumbnail\" alt=\"\" aria-describedby=\"gallery-2-255\" \/><\/a>\n\t\t\t<\/dt>\n\t\t\t\t<dd class='wp-caption-text gallery-caption' id='gallery-2-255'>\n\t\t\t\tLandau, Frank-L\u009absches Haus 1977\ncopyright by Karlheinz Schmeckenbecher\n\t\t\t\t<\/dd><\/dl><dl class='gallery-item'>\n\t\t\t<dt class='gallery-icon landscape'>\n\t\t\t\t<a href='https:\/\/kulturzentrum-altstadt.de\/wp-content\/uploads\/2017\/09\/FLH-001-1977.jpg'><img loading=\"lazy\" decoding=\"async\" width=\"150\" height=\"150\" src=\"https:\/\/kulturzentrum-altstadt.de\/wp-content\/uploads\/2017\/09\/FLH-001-1977-150x150.jpg\" class=\"attachment-thumbnail size-thumbnail\" alt=\"\" aria-describedby=\"gallery-2-254\" \/><\/a>\n\t\t\t<\/dt>\n\t\t\t\t<dd class='wp-caption-text gallery-caption' id='gallery-2-254'>\n\t\t\t\tLandau, Frank-L\u009absches Haus 1977\ncopyright by Karlheinz Schmeckenbecher\n\t\t\t\t<\/dd><\/dl><br style=\"clear: both\" \/>\n\t\t<\/div>\n\n<p><strong>1980<\/strong> Landauer B\u00fcrger und B\u00fcrgerinnen gr\u00fcnden am 25. April einen &#8220;Verein der Freunde des Frank-Loebschen-Hauses&#8221;, der sich der Sanierung und Finanzierung des Hauses annimmt.<\/p>\n<p><strong>1981<\/strong> Stadt und Verein entwickeln ein Nutzungskonzept<\/p>\n<p><strong>1983<\/strong> Im September Beginn der umfassenden Restaurierungs- und Ausbauarbeiten im Rahmen der vorgesehenen Zweckbestimmung. Das Land Rheinland-Pfalz f\u00f6rdert die Sanierung durch wiederholte, bedeutende Mittelzuweisungen. Der Verein bringt durch Werbe- und Spendenaktionen im Laufe von f\u00fcnf Jahren 400.000,- DM auf.<\/p>\n\n\t\t<style type=\"text\/css\">\n\t\t\t#gallery-3 {\n\t\t\t\tmargin: auto;\n\t\t\t}\n\t\t\t#gallery-3 .gallery-item {\n\t\t\t\tfloat: left;\n\t\t\t\tmargin-top: 10px;\n\t\t\t\ttext-align: center;\n\t\t\t\twidth: 25%;\n\t\t\t}\n\t\t\t#gallery-3 img {\n\t\t\t\tborder: 2px solid #cfcfcf;\n\t\t\t}\n\t\t\t#gallery-3 .gallery-caption {\n\t\t\t\tmargin-left: 0;\n\t\t\t}\n\t\t\t\/* see gallery_shortcode() in wp-includes\/media.php *\/\n\t\t<\/style>\n\t\t<div id='gallery-3' class='gallery galleryid-203 gallery-columns-4 gallery-size-thumbnail'><dl class='gallery-item'>\n\t\t\t<dt class='gallery-icon portrait'>\n\t\t\t\t<a href='https:\/\/kulturzentrum-altstadt.de\/wp-content\/uploads\/2017\/09\/FLH-051-1987.jpg'><img loading=\"lazy\" decoding=\"async\" width=\"150\" height=\"150\" src=\"https:\/\/kulturzentrum-altstadt.de\/wp-content\/uploads\/2017\/09\/FLH-051-1987-150x150.jpg\" class=\"attachment-thumbnail size-thumbnail\" alt=\"\" aria-describedby=\"gallery-3-265\" \/><\/a>\n\t\t\t<\/dt>\n\t\t\t\t<dd class='wp-caption-text gallery-caption' id='gallery-3-265'>\n\t\t\t\tLandau. Frank-L\u009absches Haus 1987\ncopyright by Karlheinz Schmeckenbecher\n\t\t\t\t<\/dd><\/dl><dl class='gallery-item'>\n\t\t\t<dt class='gallery-icon landscape'>\n\t\t\t\t<a href='https:\/\/kulturzentrum-altstadt.de\/wp-content\/uploads\/2017\/09\/FLH-049-1987.jpg'><img loading=\"lazy\" decoding=\"async\" width=\"150\" height=\"150\" src=\"https:\/\/kulturzentrum-altstadt.de\/wp-content\/uploads\/2017\/09\/FLH-049-1987-150x150.jpg\" class=\"attachment-thumbnail size-thumbnail\" alt=\"\" aria-describedby=\"gallery-3-264\" \/><\/a>\n\t\t\t<\/dt>\n\t\t\t\t<dd class='wp-caption-text gallery-caption' id='gallery-3-264'>\n\t\t\t\tLandau. Frank-L\u009absches Haus 1987\ncopyright by Karlheinz Schmeckenbecher\n\t\t\t\t<\/dd><\/dl><dl class='gallery-item'>\n\t\t\t<dt class='gallery-icon landscape'>\n\t\t\t\t<a href='https:\/\/kulturzentrum-altstadt.de\/wp-content\/uploads\/2017\/09\/FLH-045-1984.jpg'><img loading=\"lazy\" decoding=\"async\" width=\"150\" height=\"150\" src=\"https:\/\/kulturzentrum-altstadt.de\/wp-content\/uploads\/2017\/09\/FLH-045-1984-150x150.jpg\" class=\"attachment-thumbnail size-thumbnail\" alt=\"\" aria-describedby=\"gallery-3-263\" \/><\/a>\n\t\t\t<\/dt>\n\t\t\t\t<dd class='wp-caption-text gallery-caption' id='gallery-3-263'>\n\t\t\t\tLandau. Frank-L\u009absches Haus 1987\ncopyright by Karlheinz Schmeckenbecher\n\t\t\t\t<\/dd><\/dl><dl class='gallery-item'>\n\t\t\t<dt class='gallery-icon landscape'>\n\t\t\t\t<a href='https:\/\/kulturzentrum-altstadt.de\/wp-content\/uploads\/2017\/09\/FLH-043-1984.jpg'><img loading=\"lazy\" decoding=\"async\" width=\"150\" height=\"150\" src=\"https:\/\/kulturzentrum-altstadt.de\/wp-content\/uploads\/2017\/09\/FLH-043-1984-150x150.jpg\" class=\"attachment-thumbnail size-thumbnail\" alt=\"\" aria-describedby=\"gallery-3-262\" \/><\/a>\n\t\t\t<\/dt>\n\t\t\t\t<dd class='wp-caption-text gallery-caption' id='gallery-3-262'>\n\t\t\t\tLandau. Frank-L\u009absches Haus 1987\ncopyright by Karlheinz Schmeckenbecher\n\t\t\t\t<\/dd><\/dl><br style=\"clear: both\" \/>\n\t\t<\/div>\n\n<p><strong>1987<\/strong> Am 7. Mai Einweihung des von Grund auf restaurierten Hauses.<br \/>Ehemalige j\u00fcdische Mitb\u00fcrger und Mitb\u00fcrgerinnen sind dazu auf Einladung der Stadt in ihre fr\u00fchere Heimatgemeinde gekommen und nehmen an der Einweihung des Hauses teil.<\/p>\n\n\t\t<style type=\"text\/css\">\n\t\t\t#gallery-4 {\n\t\t\t\tmargin: auto;\n\t\t\t}\n\t\t\t#gallery-4 .gallery-item {\n\t\t\t\tfloat: left;\n\t\t\t\tmargin-top: 10px;\n\t\t\t\ttext-align: center;\n\t\t\t\twidth: 25%;\n\t\t\t}\n\t\t\t#gallery-4 img {\n\t\t\t\tborder: 2px solid #cfcfcf;\n\t\t\t}\n\t\t\t#gallery-4 .gallery-caption {\n\t\t\t\tmargin-left: 0;\n\t\t\t}\n\t\t\t\/* see gallery_shortcode() in wp-includes\/media.php *\/\n\t\t<\/style>\n\t\t<div id='gallery-4' class='gallery galleryid-203 gallery-columns-4 gallery-size-thumbnail'><dl class='gallery-item'>\n\t\t\t<dt class='gallery-icon landscape'>\n\t\t\t\t<a href='https:\/\/kulturzentrum-altstadt.de\/wp-content\/uploads\/2017\/09\/FLH-065-1987.jpg'><img loading=\"lazy\" decoding=\"async\" width=\"150\" height=\"150\" src=\"https:\/\/kulturzentrum-altstadt.de\/wp-content\/uploads\/2017\/09\/FLH-065-1987-150x150.jpg\" class=\"attachment-thumbnail size-thumbnail\" alt=\"\" aria-describedby=\"gallery-4-275\" \/><\/a>\n\t\t\t<\/dt>\n\t\t\t\t<dd class='wp-caption-text gallery-caption' id='gallery-4-275'>\n\t\t\t\tLandau, Frank-L\u009absches Haus 1987 &#8211; Tag der offenen T\u009fr &#8211; Herrmann Lamott\ncopyright by Karlheinz Schmeckenbecher\n\t\t\t\t<\/dd><\/dl><dl class='gallery-item'>\n\t\t\t<dt class='gallery-icon portrait'>\n\t\t\t\t<a href='https:\/\/kulturzentrum-altstadt.de\/wp-content\/uploads\/2017\/09\/FLH-063-1987.jpg'><img loading=\"lazy\" decoding=\"async\" width=\"150\" height=\"150\" src=\"https:\/\/kulturzentrum-altstadt.de\/wp-content\/uploads\/2017\/09\/FLH-063-1987-150x150.jpg\" class=\"attachment-thumbnail size-thumbnail\" alt=\"\" aria-describedby=\"gallery-4-274\" \/><\/a>\n\t\t\t<\/dt>\n\t\t\t\t<dd class='wp-caption-text gallery-caption' id='gallery-4-274'>\n\t\t\t\tLandau, Frank-L\u009absches Haus 1987 &#8211; Tag der offenen T\u009fr &#8211; Herrmann Lamott\ncopyright by Karlheinz Schmeckenbecher\n\t\t\t\t<\/dd><\/dl><dl class='gallery-item'>\n\t\t\t<dt class='gallery-icon portrait'>\n\t\t\t\t<a href='https:\/\/kulturzentrum-altstadt.de\/wp-content\/uploads\/2017\/09\/FLH-060-1987.jpg'><img loading=\"lazy\" decoding=\"async\" width=\"150\" height=\"150\" src=\"https:\/\/kulturzentrum-altstadt.de\/wp-content\/uploads\/2017\/09\/FLH-060-1987-150x150.jpg\" class=\"attachment-thumbnail size-thumbnail\" alt=\"\" aria-describedby=\"gallery-4-273\" \/><\/a>\n\t\t\t<\/dt>\n\t\t\t\t<dd class='wp-caption-text gallery-caption' id='gallery-4-273'>\n\t\t\t\tLandau, Frank-L\u009absches Haus 1987 &#8211; Tag der offenen T\u009fr &#8211; Herrmann Lamott\ncopyright by Karlheinz Schmeckenbecher\n\t\t\t\t<\/dd><\/dl><dl class='gallery-item'>\n\t\t\t<dt class='gallery-icon portrait'>\n\t\t\t\t<a href='https:\/\/kulturzentrum-altstadt.de\/wp-content\/uploads\/2017\/09\/FLH-058-1987.jpg'><img loading=\"lazy\" decoding=\"async\" width=\"150\" height=\"150\" src=\"https:\/\/kulturzentrum-altstadt.de\/wp-content\/uploads\/2017\/09\/FLH-058-1987-150x150.jpg\" class=\"attachment-thumbnail size-thumbnail\" alt=\"\" aria-describedby=\"gallery-4-272\" \/><\/a>\n\t\t\t<\/dt>\n\t\t\t\t<dd class='wp-caption-text gallery-caption' id='gallery-4-272'>\n\t\t\t\tLandau, Frank-L\u009absches Haus 1987 &#8211; Tag der offenen T\u009fr &#8211; Herrmann Lamott\ncopyright by Karlheinz Schmeckenbecher\n\t\t\t\t<\/dd><\/dl><br style=\"clear: both\" \/><dl class='gallery-item'>\n\t\t\t<dt class='gallery-icon landscape'>\n\t\t\t\t<a href='https:\/\/kulturzentrum-altstadt.de\/wp-content\/uploads\/2017\/09\/FLH-057-1987.jpg'><img loading=\"lazy\" decoding=\"async\" width=\"150\" height=\"150\" src=\"https:\/\/kulturzentrum-altstadt.de\/wp-content\/uploads\/2017\/09\/FLH-057-1987-150x150.jpg\" class=\"attachment-thumbnail size-thumbnail\" alt=\"\" aria-describedby=\"gallery-4-271\" \/><\/a>\n\t\t\t<\/dt>\n\t\t\t\t<dd class='wp-caption-text gallery-caption' id='gallery-4-271'>\n\t\t\t\tLandau, Frank-L\u009absches Haus 1987 &#8211; Tag der offenen T\u009fr &#8211; Herrmann Lamott\ncopyright by Karlheinz Schmeckenbecher\n\t\t\t\t<\/dd><\/dl><dl class='gallery-item'>\n\t\t\t<dt class='gallery-icon landscape'>\n\t\t\t\t<a href='https:\/\/kulturzentrum-altstadt.de\/wp-content\/uploads\/2017\/09\/FLH-055-1987.jpg'><img loading=\"lazy\" decoding=\"async\" width=\"150\" height=\"150\" src=\"https:\/\/kulturzentrum-altstadt.de\/wp-content\/uploads\/2017\/09\/FLH-055-1987-150x150.jpg\" class=\"attachment-thumbnail size-thumbnail\" alt=\"\" aria-describedby=\"gallery-4-270\" \/><\/a>\n\t\t\t<\/dt>\n\t\t\t\t<dd class='wp-caption-text gallery-caption' id='gallery-4-270'>\n\t\t\t\tLandau, Frank-L\u009absches Haus 1987 &#8211; Tag der offenen T\u009fr &#8211; Herrmann Lamott\ncopyright by Karlheinz Schmeckenbecher\n\t\t\t\t<\/dd><\/dl><dl class='gallery-item'>\n\t\t\t<dt class='gallery-icon landscape'>\n\t\t\t\t<a href='https:\/\/kulturzentrum-altstadt.de\/wp-content\/uploads\/2017\/09\/FLH-048-1987.jpg'><img loading=\"lazy\" decoding=\"async\" width=\"150\" height=\"150\" src=\"https:\/\/kulturzentrum-altstadt.de\/wp-content\/uploads\/2017\/09\/FLH-048-1987-150x150.jpg\" class=\"attachment-thumbnail size-thumbnail\" alt=\"\" aria-describedby=\"gallery-4-268\" \/><\/a>\n\t\t\t<\/dt>\n\t\t\t\t<dd class='wp-caption-text gallery-caption' id='gallery-4-268'>\n\t\t\t\tLandau, Frank-L\u009absches Haus 1987 &#8211; Tag der offenen T\u009fr &#8211; Herrmann Lamott\ncopyright by Karlheinz Schmeckenbecher\n\t\t\t\t<\/dd><\/dl><dl class='gallery-item'>\n\t\t\t<dt class='gallery-icon landscape'>\n\t\t\t\t<a href='https:\/\/kulturzentrum-altstadt.de\/wp-content\/uploads\/2017\/09\/FLH-053-1987.jpg'><img loading=\"lazy\" decoding=\"async\" width=\"150\" height=\"150\" src=\"https:\/\/kulturzentrum-altstadt.de\/wp-content\/uploads\/2017\/09\/FLH-053-1987-150x150.jpg\" class=\"attachment-thumbnail size-thumbnail\" alt=\"\" aria-describedby=\"gallery-4-269\" \/><\/a>\n\t\t\t<\/dt>\n\t\t\t\t<dd class='wp-caption-text gallery-caption' id='gallery-4-269'>\n\t\t\t\tLandau, Frank-L\u009absches Haus 1987 &#8211; Tag der offenen T\u009fr &#8211; Herrmann Lamott\ncopyright by Karlheinz Schmeckenbecher\n\t\t\t\t<\/dd><\/dl><br style=\"clear: both\" \/>\n\t\t<\/div>\n\n<\/div>\n\n\n<p><\/p>\n","protected":false},"excerpt":{"rendered":"<p>Der Ausschuss Frank-Loebsches-Haus f\u00fchrt, nach der Vereinsfusion, innerhalb des Vereins KuZ Altstadt die Arbeit des ehemaligen Vereins der Freunde des Frank-Loebschen-Hauses weiter. Dabei wird sowohl der Geschichte des Hauses als auch der Leistung, der B\u00fcrgerinnen und B\u00fcrger, die zur Sanierung des Hauses beigetragen haben, Rechnung getragen. Zielsetzung ist es, sowohl einen Beitrag zur Erhaltung des [&hellip;]<\/p>\n","protected":false},"author":1,"featured_media":0,"parent":0,"menu_order":0,"comment_status":"closed","ping_status":"closed","template":"","meta":{"footnotes":""},"class_list":["post-203","page","type-page","status-publish","hentry","post"],"post_mailing_queue_ids":[],"_links":{"self":[{"href":"https:\/\/kulturzentrum-altstadt.de\/index.php?rest_route=\/wp\/v2\/pages\/203","targetHints":{"allow":["GET"]}}],"collection":[{"href":"https:\/\/kulturzentrum-altstadt.de\/index.php?rest_route=\/wp\/v2\/pages"}],"about":[{"href":"https:\/\/kulturzentrum-altstadt.de\/index.php?rest_route=\/wp\/v2\/types\/page"}],"author":[{"embeddable":true,"href":"https:\/\/kulturzentrum-altstadt.de\/index.php?rest_route=\/wp\/v2\/users\/1"}],"replies":[{"embeddable":true,"href":"https:\/\/kulturzentrum-altstadt.de\/index.php?rest_route=%2Fwp%2Fv2%2Fcomments&post=203"}],"version-history":[{"count":22,"href":"https:\/\/kulturzentrum-altstadt.de\/index.php?rest_route=\/wp\/v2\/pages\/203\/revisions"}],"predecessor-version":[{"id":1125,"href":"https:\/\/kulturzentrum-altstadt.de\/index.php?rest_route=\/wp\/v2\/pages\/203\/revisions\/1125"}],"wp:attachment":[{"href":"https:\/\/kulturzentrum-altstadt.de\/index.php?rest_route=%2Fwp%2Fv2%2Fmedia&parent=203"}],"curies":[{"name":"wp","href":"https:\/\/api.w.org\/{rel}","templated":true}]}}