{"id":370,"date":"2017-10-25T08:20:51","date_gmt":"2017-10-25T08:20:51","guid":{"rendered":"https:\/\/kulturzentrum-altstadt.de\/?page_id=370"},"modified":"2025-03-12T09:46:01","modified_gmt":"2025-03-12T09:46:01","slug":"der-verein","status":"publish","type":"page","link":"https:\/\/kulturzentrum-altstadt.de\/?page_id=370","title":{"rendered":"Der Verein"},"content":{"rendered":"<p><strong>Postanschrift:<\/strong><\/p>\n<p>Kulturzentrum Altstadt e.V.<br \/>\nBoelckestra\u00dfe 29<br \/>\n76829 Landau<\/p>\n<p>Der Verein Kulturzentrum Altstadt -Frank Loebsches Haus-Altes Kaufhaus e.V. wurde am 03.Juli 1997 ins Vereinsgegister des Amtsgerichts Landau (VR 2254) eingetragen<\/p>\n<p><strong>Vorstand<\/strong><br \/>\n1. Vorstand: Christian Leonhardt<br \/>\n2. Vorstand: Werner Kuntz<br \/>\nSchatzmeisterin : Annette Leibrock<br \/>\nSchriftf\u00fchrerin: Sabine Gretoire<br \/>\nBeisitzer: Achim Bodenseh, Thomas Engelberg, Fred Hammer, Gerry Marz, Heike Klein, Thomas Kunz,\u00a0 Christine Thelen, Miriam Erb (geborenes Mitglied)<\/p>\n<div>Ehrenmitglied:<\/div>\n<div>Horst Hoffmann<\/div>\n<p>&nbsp;<\/p>\n<p><a href=\"https:\/\/kulturzentrum-altstadt.de\/wp-content\/uploads\/2017\/12\/Satzung.pdf\">Vereinssatzung herunterladen<\/a><\/p>\n<p><strong>Mitgliedschaft\/Beitrittserkl\u00e4rung<\/strong><\/p>\n<p class=\"bodytext\">Wir freuen uns auf jeden, der Mitglied werden m\u00f6chte und uns hilft, das kulturelle Angebot in Landau zu erhalten und weiter auszubauen.<\/p>\n<p><a href=\"https:\/\/kulturzentrum-altstadt.de\/wp-content\/uploads\/2025\/03\/Beitrittserklaerung-AK_neu.pdf\">Beitrittserkl\u00e4rung herunterladen<\/a><\/p>\n<p><strong>Spenden<\/strong><\/p>\n<p>Spenden an das Kulturzentrum Altstadt sind steuerlich abzugsf\u00e4hig. Wenn Sie spenden m\u00f6chten, \u00fcberweisen Sie Ihre Spende bitte auf folgendes Konto:<\/p>\n<p>Empf\u00e4nger: Kulturzentrum Altstadt e.V.<br \/>\nIBAN DE39548500100000005959\u00a0\u00a0\u00a0 BIC SOLADES1SUW<br \/>\nVermerke: Spende KuZ Altstadt<\/p>\n<p><strong>Bitte vergessen Sie den Absender nicht, damit wir Ihnen eine Spendenbescheinigung schicken k\u00f6nnen.<\/strong><\/p>\n","protected":false},"excerpt":{"rendered":"<p>Postanschrift: Kulturzentrum Altstadt e.V. Boelckestra\u00dfe 29 76829 Landau Der Verein Kulturzentrum Altstadt -Frank Loebsches Haus-Altes Kaufhaus e.V. wurde am 03.Juli 1997 ins Vereinsgegister des Amtsgerichts Landau (VR 2254) eingetragen Vorstand 1. Vorstand: Christian Leonhardt 2. Vorstand: Werner Kuntz Schatzmeisterin : Annette Leibrock Schriftf\u00fchrerin: Sabine Gretoire Beisitzer: Achim Bodenseh, Thomas Engelberg, Fred Hammer, Gerry Marz, Heike [&hellip;]<\/p>\n","protected":false},"author":1,"featured_media":0,"parent":0,"menu_order":0,"comment_status":"closed","ping_status":"closed","template":"","meta":{"footnotes":""},"class_list":["post-370","page","type-page","status-publish","hentry","post"],"post_mailing_queue_ids":[],"_links":{"self":[{"href":"https:\/\/kulturzentrum-altstadt.de\/index.php?rest_route=\/wp\/v2\/pages\/370","targetHints":{"allow":["GET"]}}],"collection":[{"href":"https:\/\/kulturzentrum-altstadt.de\/index.php?rest_route=\/wp\/v2\/pages"}],"about":[{"href":"https:\/\/kulturzentrum-altstadt.de\/index.php?rest_route=\/wp\/v2\/types\/page"}],"author":[{"embeddable":true,"href":"https:\/\/kulturzentrum-altstadt.de\/index.php?rest_route=\/wp\/v2\/users\/1"}],"replies":[{"embeddable":true,"href":"https:\/\/kulturzentrum-altstadt.de\/index.php?rest_route=%2Fwp%2Fv2%2Fcomments&post=370"}],"version-history":[{"count":29,"href":"https:\/\/kulturzentrum-altstadt.de\/index.php?rest_route=\/wp\/v2\/pages\/370\/revisions"}],"predecessor-version":[{"id":2227,"href":"https:\/\/kulturzentrum-altstadt.de\/index.php?rest_route=\/wp\/v2\/pages\/370\/revisions\/2227"}],"wp:attachment":[{"href":"https:\/\/kulturzentrum-altstadt.de\/index.php?rest_route=%2Fwp%2Fv2%2Fmedia&parent=370"}],"curies":[{"name":"wp","href":"https:\/\/api.w.org\/{rel}","templated":true}]}}